site?
True
Is 76608937 a prime number?
True
Is 3167453 prime?
True
Is 8304431 a composite number?
True
Is 170467417 a prime number?
True
Is 34433 composite?
True
Is 25380811 prime?
True
Is 1530409 prime?
True
Is 154927 a composite number?
False
Is 8159321 prime?
True
Is 190952053 a prime number?
True
Is 28635571 a prime number?
False
Is 632707 prime?
False
Is 398939137 a prime number?
False
Is 834451 composite?
True
Is 20137393 composite?
False
Is 14190115 prime?
False
Is 38273021 composite?
True
Is 23346047 a prime number?
False
Is 323128843 composite?
True
Is 1412885 prime?
False
Is 27416329 a composite number?
False
Is 848443 a composite number?
False
Is 7797623 composite?
False
Is 4409267 composite?
True
Is 195469 a prime number?
True
Is 1580387 a prime number?
True
Is 8735137 prime?
True
Is 857973839 prime?
True
Is 35171663 composite?
True
Is 9460249 prime?
True
Is 15731999 prime?
True
Is 379893221 a prime number?
True
Is 23058863 a prime number?
True
Is 130496303 composite?
True
Is 25878491 a prime number?
True
Is 163702745 composite?
True
Is 6015839 a composite number?
False
Is 5746309 composite?
False
Is 11687119 prime?
True
Is 12650167 composite?
False
Is 77939261 a composite number?
True
Is 146764789 a composite number?
True
Is 65671913 a prime number?
True
Is 15775257 prime?
False
Is 252015161 composite?
False
Is 27869707 composite?
True
Is 71816113 composite?
True
Is 341617 a composite number?
False
Is 34885811 a composite number?
True
Is 8514509 prime?
True
Is 6480533 prime?
True
Is 549379 composite?
False
Is 19921731 a prime number?
False
Is 3696287 composite?
True
Is 229913 prime?
False
Is 1934193 a composite number?
True
Is 58409339 a composite number?
True
Is 3341599 composite?
False
Is 32736721 composite?
False
Is 24023077 composite?
True
Is 39574265 composite?
True
Is 10599821 a prime number?
False
Is 786503717 composite?
True
Is 2097383 a prime number?
True
Is 734471 a composite number?
False
Is 338119 composite?
False
Is 418753289 a composite number?
False
Is 202945529 a composite number?
False
Is 112557511 prime?
False
Is 257729 prime?
False
Is 675257189 prime?
False
Is 144304327 a prime number?
False
Is 64141489 composite?
False
Is 8756542 a composite number?
True
Is 704058913 prime?
False
Is 8263421 a composite number?
True
Is 734263 a prime number?
True
Is 7933337 a composite number?
True
Is 23979287 a composite number?
True
Is 62890999 prime?
True
Is 7964791 a prime number?
True
Is 9140927 composite?
True
Is 84284393 a composite number?
False
Is 8796961 composite?
False
Is 541854701 a prime number?
True
Is 2564857 prime?
True
Is 21912287 a prime number?
True
Is 4292077 a prime number?
False
Is 16630039 a prime number?
False
Is 171220421 a prime number?
True
Is 117223109 composite?
True
Is 80608349 a prime number?
True
Is 20785733 a prime number?
True
Is 6941293 composite?
False
Is 215632309 composite?
False
Is 3918491 composite?
False
Is 438052841 a prime number?
True
Is 13615331 a composite number?
False
Is 4807061 a composite number?
True
Is 1062407 composite?
False
Is 312913 prime?
False
Is 2860517 prime?
False
Is 1093159 composite?
False
Is 5250727 composite?
False
Is 20402229 prime?
False
Is 3701093 prime?
False
Is 71540137 a prime number?
True
Is 4268839 composite?
True
Is 7849659 a prime number?
False
Is 97664557 composite?
True
Is 208462 prime?
False
Is 47607319 composite?
True
Is 2567417 a prime number?
True
Is 449579623 a prime number?
True
Is 8561507 composite?
True
Is 13983709 prime?
True
Is 1216717 a composite number?
False
Is 6272183 prime?
True
Is 1098403 a prime number?
False
Is 4788263 a prime number?
False
Is 43867849 a composite number?
False
Is 3407329 prime?
True
Is 84771493 a composite number?
False
Is 131994487 a composite number?
False
Is 1274991 a prime number?
False
Is 4926373 prime?
False
Is 1324693 composite?
True
Is 2554177 a composite number?
True
Is 42474493 a prime number?
True
Is 535358323 composite?
False
Is 1726951 a composite number?
False
Is 20821273 composite?
True
Is 912277 a composite number?
True
Is 67636823 a prime number?
False
Is 85266367 composite?
False
Is 10522427 a prime number?
True
Is 168562507 composite?
True
Is 8693539 a prime number?
False
Is 10760381 a composite number?
True
Is 28056079 prime?
False
Is 481911541 a prime number?
True
Is 44091721 a prime number?
False
Is 3452987 a prime number?
True
Is 324892591 a composite number?
True
Is 13470719 a composite number?
False
Is 539993 a composite number?
False
Is 31987717 a prime number?
False
Is 5985983 a prime number?
True
Is 2986129 prime?
True
Is 19381213 a prime number?
False
Is 11543249 a composite number?
False
Is 237627407 a composite number?
False
Is 7400189 composite?
False
Is 15122663 a composite number?
False
Is 6758107 composite?
False
Is 113258461 a prime number?
False
Is 3318283 prime?
True
Is 15145681 composite?
False
Is 289193 composite?
False
Is 147666377 composite?
False
Is 312245507 prime?
False
Is 10235647 a composite number?
False
Is 33329593 a prime number?
False
Is 7961803 prime?
True
Is 683777 a prime number?
True
Is 13184582 composite?
True
Is 29183389 a composite number?
True
Is 45420751 a prime number?
False
Is 106294261 prime?
False
Is 2196473 composite?
False
Is 1893701 prime?
True
Is 8701621 composite?
False
Is 17269493 composite?
True
Is 11673451 prime?
True
Is 227977 a prime number?
True
Is 1524466 a prime number?
False
Is 122650231 a prime number?
False
Is 45361135 prime?
False
Is 2844868445 prime?
False
Is 213067 a composite number?
False
Is 1318241 composite?
False
Is 14996701 composite?
True
Is 3640031 a composite number?
False
Is 41559643 a prime number?
False
Is 1551491 prime?
False
Is 1689907 composite?
False
Is 48884449 composite?
True
Is 8626502 a prime number?
False
Is 83990327 composite?
False
Is 99216773 prime?
True
Is 5665213 prime?
True
Is 4610897 composite?
False
Is 257438323 a composite number?
False
Is 36571151 a prime number?
True
Is 34766651 a composite number?
False
Is 641354651 prime?
False
Is 373178593 composite?
False
Is 34996603 composite?
True
Is 3170873 a prime number?
False
Is 8999759 a composite number?
True
Is 15719035 a prime number?
False
Is 4212817 composite?
True
Is 12199643 a prime number?
True
Is 14706193 a prime number?
True
Is 284038655 prime?
False
Is 176027 prime?
False
Is 24255211 a prime number?
True
Is 20096443 prime?
False
Is 23188787 a composite number?
False
Is 208854587 prime?
True
Is 256471121 a composite number?
False
Is 71464217 prime?
False
Is 33382394 prime?
False
Is 1972079 composite?
False
Is 1210421 composite?
True
Is 786351509 prime?
True
Is 1362511 prime?
True
Is 5419793 composite?
True
Is 12520903 composite?
False
Is 26963863 a composite number?
False
Is 2303557 a composite number?
True
Is 16547 prime?
True
Is 399385561 prime?
True
Is 2624173 composite?
False
Is 19496123 a composite number?
False
Is 121117547 prime?
False
Is 11029751 a prime number?
True
Is 3419483 prime?
True
Is 95480909 prime?
False
Is 72715493 prime?
True
Is 27327827 prime?
True
Is 43309173 prime?
False
Is 3109967 a prime number?
False
Is 29119169 prime?
True
Is 21284273 composite?
False
Is 996193955 a prime number?
False
Is 124269169 a prime number?
True
Is 4121669 composite?
True
Is 668374897 a prime number?
True
Is 1372355 a composite number?
True
Is 152726858 a composite number?
True
Is 3316703959 a composite number?
False
Is 168615779 a prime number?
False
Is 178930597 composite?
True
Is 121327319 a composite number?
False
Is 8384521 prime?
False
Is 84245927 composite?
False
Is 49838721 a composite number?
True
Is 67197563 a composite number?
False
Is 525523 a prime number?
False
Is 1143661 composite?
False
Is 1868257 a composite number?
False
Is 7105687 prime?
False
Is 16738741 composite?
False
Is 25191197 a prime number?
True
Is 9367373 prime?
True
Is 17513 composite?
True
Is 289967 a prime number?
True
Is 420671 prime?
True
Is 5291207 prime?
False
Is 1426405 composite?
True
Is 6087827 prime?
True
Is 173028661 composite?
True
Is 1684861 a prime number?
True
Is 452851 composite?
True
Is 1389569 a prime number?
True
Is 54265177 prime?
False
Is 108190171 prime?
True
Is 93680669 a prime number?
True
Is 25150901 a composite number?
False
Is 5759623 comp